
5
Suppose -30283 + 6677 = -74*t. Let s(f) = 19*f**2 + 4*f + 3. Let a be s(-5). Let x = a - t. What is the remainder when x is divided by 28?
27
Calculate the remainder when (-254 - -251)/((-3)/311) is divided by 134.
43
Suppose -16*n = -20*n - 23*n + 1593. Suppose 4*f = d + 85, -5*f - 5*d = -2*d - 102. Calculate the remainder when n is divided by f.
17
Let t be (5 - 8)/((2 - 1) + -2). Suppose 2*n = t*g + 41, -3*n - g = 2*g - 39. Calculate the remainder when 13 is divided by 4 + 0*4/n.
1
Let l = 21469 - 21414. Calculate the remainder when 421 is divided by l.
36
Let j = 3928 + -2523. What is the remainder when j is divided by 67?
65
Suppose 0 = -5*o + 3*o + 120. Let j = 15942 - 15583. Calculate the remainder when j is divided by o.
59
Let y(v) = -v**3 - 119*v**2 + 323*v - 465. What is the remainder when y(-122) is divided by 42?
35
Suppose 5*s - 958 = 77. Suppose -77*w + 86*w = s. Calculate the remainder when 58 is divided by w.
12
Let p = 14 + -9. Suppose 0 = 5*m + 3*z + 11, -4*m + 0 = -p*z + 31. What is the remainder when 53 is divided by (-67)/(-6) - m/(-24)?
9
Suppose -j + 4*r = 2*j - 124, 3*j - 140 = -4*r. What is the remainder when 66 is divided by j?
22
Let h = -32 + -109. Let l = 181 + h. What is the remainder when 398 is divided by l?
38
Suppose 48*h + 495 = 93*h. Let s = -24 + 56. Calculate the remainder when s is divided by h.
10
Suppose 3*s - 37 = -4*u, 7 = -2*u + 4*s + 31. Suppose -2*m - 276 = -4*w, 2*w - 39*m = -37*m + 140. Let h = 96 - w. What is the remainder when h is divided by u?
8
Let n = 0 - -21. Suppose -n*m + 704 = m. Calculate the remainder when 55 is divided by m.
23
Suppose -s - 4*h - 1 = 0, -1 = -5*s + 2*h - 6. Let d(j) = 5*j**2 - 44*j + 104. What is the remainder when d(6) is divided by (-19)/(-1) - (s - -4)?
4
What is the remainder when 49 is divided by ((-7)/((-539)/(-22)))/((-2)/84)?
1
Let i = 348 + -335. Suppose -47*s - 122 = -49*s. What is the remainder when s is divided by i?
9
Suppose 0 = -229*h + 227*h + 2. Calculate the remainder when 212 is divided by 60 + h/(3 + 96/(-30)).
47
Let d = 80 - 39. Suppose -n - d + 108 = 0. Calculate the remainder when n is divided by 14.
11
Let p(t) = -2*t**2 - 11*t + 12. Let r = 11 + -7. Suppose -r*i + 0*i = -2*k - 46, 0 = -5*k + 25. What is the remainder when p(-4) is divided by i?
10
Let m = -7695 - -5076. Suppose -3*k + 5*y = -14 - 13, -4*k + 5*y + 36 = 0. What is the remainder when k is divided by m/(-513) + (-4)/38?
4
Suppose -q = 4*x - 2020, -276 = -2*x + q + 740. What is the remainder when x is divided by 125?
6
Let v(u) = -u - 9. Let q be v(-27). Let k(w) = 15 + 0*w**2 + 4*w**2 - q - 2*w**3 + 3*w**3. Calculate the remainder when 23 is divided by k(-3).
5
Let q be (-75)/2*((-1152)/(-40))/(-6). Suppose 4*j + 5*n - 720 = 0, -j + 15*n - 10*n + q = 0. Calculate the remainder when j is divided by 37.
32
Calculate the remainder when (16/3)/((-90)/(-765585)) is divided by 65.
63
Suppose -2865 = -122*i + 119*i. What is the remainder when i is divided by 13?
6
Let k(n) = 9*n**3 + 3*n**2 - 18*n + 44. Calculate the remainder when 860 is divided by k(3).
80
Suppose -48*j + 37*j + 7073 = 0. Calculate the remainder when j is divided by (-6)/(-9) - ((-138)/9 + -3).
16
Let o(m) = -5 - 2 - 10*m + 0 + m**2 + m**2. Let v be o(6). Suppose -t - v*t + 96 = 0. Calculate the remainder when t is divided by 10.
6
Suppose 0 = -4*m - 2*h - 36, -2*m - 5*h - 10 = -0. Calculate the remainder when 5/10 - 93/(-2) is divided by ((-15)/m)/(15/160).
15
Suppose -4372*k - t - 20 = -4373*k, 4*k - 13*t - 35 = 0. Calculate the remainder when (-1)/(0 - (-1)/(-96)) is divided by k.
21
Let h = 3224 + -3211. Calculate the remainder when 233 is divided by h.
12
Let f = 6622 - 6385. What is the remainder when 666 is divided by f?
192
Let r = 338 - 332. Let m(f) = -22 + 11*f + 0*f**2 - 7*f**2 + 0*f**2 + 0*f**3 + f**3. What is the remainder when 21 is divided by m(r)?
5
Let a = 2851 - 2820. Calculate the remainder when 1361 is divided by a.
28
Let b(u) = u**3 + 18*u**2 + 16*u + 15. Suppose 3*f + 8 = -52. Calculate the remainder when ((-736)/f)/((-2)/15*-3) is divided by b(-17).
28
Let p(n) = -3*n + 154. Let r be p(-21). Suppose -3*j + 403 = r. What is the remainder when j is divided by 13?
10
Let g(m) = -5*m - 4. Let s be g(4). Let y be ((-104)/(-91))/((-24)/1092). Let x = s - y. What is the remainder when 53 is divided by x?
25
Let t(g) = g**3 + 22*g**2 + 20*g - 27. Let v be t(-21). Let l(r) = 80*r + 32. Let j be l(v). Calculate the remainder when (j/20)/(14/(-105)) is divided by 34.
32
Let o(g) = 3*g**2 + 93*g - 39. Suppose -3*v = 2*v - 4*n - 7674, -3092 = -2*v - 4*n. Calculate the remainder when v is divided by o(-32).
56
Let n = -39 - -49. Suppose -11*w = -4*w - 21. What is the remainder when n is divided by w?
1
Let r = 213 - 292. Let p = 289 + r. What is the remainder when p is divided by 53?
51
Suppose 139*j - 147*j = -15016. Calculate the remainder when j is divided by 40.
37
Suppose -6*y + 725 - 1817 = 0. Let b = y + 312. What is the remainder when b is divided by 45?
40
Let n be (0 - 0 - 1) + 6. Suppose -4*v = n*u - 113, v - 4 - 3 = 3*u. Calculate the remainder when (-1)/4 - 222108/(-3568) is divided by v.
18
Suppose -5*p = -4*s - 8, -5*s = -3*p - 0*p - 3. Suppose -5*o = 0, 0 = p*v + o - 1 - 7. What is the remainder when 167 is divided by v/(-2*(33/36)/(-11))?
11
Let n(i) = -10*i - 2. Suppose 5*x - y = 423, x + 6*y - 87 = 7*y. What is the remainder when x is divided by n(-2)?
12
Let y(h) = -h**2 - 10*h + 1130. Calculate the remainder when y(-26) is divided by 25.
14
Suppose 43 = 2*q - 43. Suppose 3*r - 36 = 6*o, r - 55 = -5*o - 1. Calculate the remainder when q is divided by r.
19
Let i(h) = -845*h - 3255. What is the remainder when i(-14) is divided by 12?
7
Let z(r) = r**2 - 3*r - 6. Let p be z(5). Suppose -4*m = -p*y - 1 - 27, 4*y + 38 = 5*m. What is the remainder when 369/(-6)*m/(-15) is divided by 11?
8
Let f = 5625 - 5574. Let l = -11 + 23. What is the remainder when f is divided by (6/l)/((-2)/(-52))?
12
Let y = 351 - 62. Suppose -5*q + 10 = 0, 5*z - y = -0*z + 3*q. Let c(j) = -2*j**2 + 82*j + 16. Calculate the remainder when z is divided by c(41).
11
Let n(z) = -z**3 - 9*z**2 - 11*z - 14. Let c be n(-8). Suppose -c*u + 13*u = i - 299, 2*i = -5*u + 576. What is the remainder when i is divided by 76?
65
Suppose 2*z + u = 44, -3*z - u + 107 = 2*z. Suppose -54*q = 5*q - 7670. Calculate the remainder when q is divided by z.
4
Suppose 223*l = 230*l - 231. Suppose -5*f - 3*g + 17 = -l, -2*f = -5*g - 20. What is the remainder when 409 is divided by f?
9
Suppose -5*a + o - 4*o = -42, a - 18 = -3*o. Suppose 8*t - 1198 = a*t. Suppose 0 = 5*k - t + 84. What is the remainder when k is divided by 27?
22
Let o = -156 - -235. Suppose 4*j - 20 = -2*w + 66, 4*w - 72 = -3*j. Suppose -220*g + 221*g = j. Calculate the remainder when o is divided by g.
19
Let f = -157 + 160. Suppose 5*o - f*l = 389, -9*o - 222 = -12*o - 2*l. What is the remainder when 150 is divided by o?
74
Suppose 82 - 68 + 109 = v. What is the remainder when 625 is divided by v?
10
Let t be (12 - 9)/(6/8). Suppose 418 = 5*z + 2*v - 3*v, 0 = t*z - v - 334. What is the remainder when z is divided by 44?
40
Let a(g) be the first derivative of -51*g**2/2 - g + 9. Let q be a(1). Let v = -24 - q. What is the remainder when 81 is divided by v?
25
Suppose 6*b = -26*b + 512. Suppose -t + 47 = -4*v, 4*t - 188 = -6*v + v. Calculate the remainder when t is divided by b.
15
Suppose 5330 + 366 = 64*x. What is the remainder when x is divided by 15?
14
Suppose -3*j = -c + 8885 - 36717, 18543 = 2*j - 3*c. Calculate the remainder when j is divided by 20.
19
Suppose 98*s - 6917 = -4374 + 12549. Calculate the remainder when 258 is divided by s.
104
Let n = 517 + -440. Let x(m) = 12*m**3 - 2*m**2 + 3*m - 1. Let y be x(2). Let j = y - n. Calculate the remainder when 191 is divided by j.
15
Let q(w) = 104*w + 9965. What is the remainder when q(-91) is divided by 133?
102
Let n(k) = 6*k**2 + 63*k + 237. What is the remainder when 124 is divided by n(-4)?
43
Let a = 1501 - -1027. Suppose -22*k - 328 = -a. Calculate the remainder when 192 is divided by k.
92
What is the remainder when (-9 - 1)/(23 + (-5118)/222) is divided by (1 + -2)/((-5)/190)?
33
Let f = -3696 - -7041.